{"id":19,"date":"2017-06-06T22:06:39","date_gmt":"2017-06-06T20:06:39","guid":{"rendered":"http:\/\/ordi-lyon.fr\/?page_id=19"},"modified":"2017-06-10T14:30:11","modified_gmt":"2017-06-10T12:30:11","slug":"cours","status":"publish","type":"page","link":"https:\/\/ordi-lyon.fr\/index.php\/cours\/","title":{"rendered":"Cours"},"content":{"rendered":"<h1 id=\"Titrepage\" style=\"text-align: center;\"><strong>Cours d&rsquo;informatique<\/strong><\/h1>\n<p>&nbsp;<\/p>\n<div>\n<div>\n<img loading=\"lazy\" decoding=\"async\" class=\"size-medium wp-image-70 aligncenter\" src=\"https:\/\/ordi-lyon.fr\/wp-content\/uploads\/2017\/06\/Ordi-internet-300x225.jpg\" alt=\"\" width=\"300\" height=\"225\" srcset=\"https:\/\/ordi-lyon.fr\/wp-content\/uploads\/2017\/06\/Ordi-internet-300x225.jpg 300w, https:\/\/ordi-lyon.fr\/wp-content\/uploads\/2017\/06\/Ordi-internet.jpg 400w\" sizes=\"auto, (max-width: 300px) 100vw, 300px\" \/><\/p>\n<div style=\"text-align: justify;\">\n<div>Vous voulez vous perfectionner ou apprendre \u00e0 utiliser internet ou un logiciel particulier comme Windows, Mac OS, Word, Excel, Outlook, Open Office&#8230; Nous nous d\u00e9pla\u00e7ons \u00e0 domicile et vous offrons un cours personnalis\u00e9.<\/div>\n<\/div>\n<\/div>\n<\/div>\n","protected":false},"excerpt":{"rendered":"<p>Cours d&rsquo;informatique &nbsp; Vous voulez vous perfectionner ou apprendre \u00e0 utiliser internet ou un logiciel particulier comme Windows, Mac OS, Word, Excel, Outlook, Open Office&#8230; Nous nous d\u00e9pla\u00e7ons \u00e0 domicile et vous offrons un cours personnalis\u00e9.<\/p>\n","protected":false},"author":1,"featured_media":0,"parent":0,"menu_order":0,"comment_status":"closed","ping_status":"closed","template":"","meta":{"footnotes":""},"class_list":["post-19","page","type-page","status-publish","hentry"],"aioseo_notices":[],"_links":{"self":[{"href":"https:\/\/ordi-lyon.fr\/index.php\/wp-json\/wp\/v2\/pages\/19","targetHints":{"allow":["GET"]}}],"collection":[{"href":"https:\/\/ordi-lyon.fr\/index.php\/wp-json\/wp\/v2\/pages"}],"about":[{"href":"https:\/\/ordi-lyon.fr\/index.php\/wp-json\/wp\/v2\/types\/page"}],"author":[{"embeddable":true,"href":"https:\/\/ordi-lyon.fr\/index.php\/wp-json\/wp\/v2\/users\/1"}],"replies":[{"embeddable":true,"href":"https:\/\/ordi-lyon.fr\/index.php\/wp-json\/wp\/v2\/comments?post=19"}],"version-history":[{"count":5,"href":"https:\/\/ordi-lyon.fr\/index.php\/wp-json\/wp\/v2\/pages\/19\/revisions"}],"predecessor-version":[{"id":84,"href":"https:\/\/ordi-lyon.fr\/index.php\/wp-json\/wp\/v2\/pages\/19\/revisions\/84"}],"wp:attachment":[{"href":"https:\/\/ordi-lyon.fr\/index.php\/wp-json\/wp\/v2\/media?parent=19"}],"curies":[{"name":"wp","href":"https:\/\/api.w.org\/{rel}","templated":true}]}}