{"id":21,"date":"2017-06-06T22:06:39","date_gmt":"2017-06-06T20:06:39","guid":{"rendered":"http:\/\/ordi-lyon.fr\/?page_id=21"},"modified":"2024-01-31T19:52:47","modified_gmt":"2024-01-31T18:52:47","slug":"tarifs","status":"publish","type":"page","link":"https:\/\/ordi-lyon.fr\/index.php\/tarifs\/","title":{"rendered":"Tarifs"},"content":{"rendered":"<h1 id=\"Titrepage\" style=\"text-align: center;\"><strong>Tarifs 2024<\/strong><\/h1>\n<p>Bonne nouvelle depuis le 15\/09\/2022 vous n&rsquo;avez plus \u00e0 faire l&rsquo;avance du cr\u00e9dit d&rsquo;imp\u00f4t. Vous ne payez que la moiti\u00e9 de la facture par pr\u00e9l\u00e8vement URSSAF 2 jours apr\u00e8s l&rsquo;intervention. Plus de d\u00e9claration l&rsquo;ann\u00e9e suivante pour se faire rembourser. Les prix qui vous seront d\u00e9bit\u00e9s de votre compte par l&rsquo;URSSAF sont indiqu\u00e9s en vert ci-dessous :<\/p>\n<div>\n<div style=\"text-align: justify;\">\n\n<table id=\"tablepress-1\" class=\"tablepress tablepress-id-1\">\n<thead>\n<tr class=\"row-1 odd\">\n\t<th class=\"column-1\"><div style=\"text-align: center;\"><br><br \/>\n<big>Service<br><br \/>\n      <\/big><\/div><\/th><th class=\"column-2\"><div style=\"text-align: center;\"><big><span style=\"color: rgb(0, 153, 0);\">Tarifs que vous payerez avec l\u2019avance imm\u00e9diate lors de la facture<br><\/div><\/th><th class=\"column-3\"><div style=\"text-align: center;\"><br \/>\n<big>Tarifs qu\u2019ORDI LYON d\u00e9clare \u00e0 l\u2019URSSAF<\/span><br><br \/>\n      <\/big><\/div><\/th>\n<\/tr>\n<\/thead>\n<tbody class=\"row-hover\">\n<tr class=\"row-2 even\">\n\t<td class=\"column-1\"><div style=\"text-align: center;\"><span style=\"font-weight: bold;\">Assistance informatique \u00e0 domicile<br>     <\/span>(Maintenance et installations courantes)<br>     <span style=\"font-weight: bold;\">1 h <\/span><br>Minimum de facturation 30 min)<\/td><td class=\"column-2\"><div style=\"text-align: center;\"><strong><span style=\"color: rgb(0, 153, 0);\">50,00 \u20ac \/ heure<\/span><\/div><\/strong><\/td><td class=\"column-3\"><div style=\"text-align: center;\">100,00 \u20ac \/ heure<\/div><\/td>\n<\/tr>\n<tr class=\"row-3 odd\">\n\t<td class=\"column-1\"><\/td><td class=\"column-2\"><\/td><td class=\"column-3\"><\/td>\n<\/tr>\n<tr class=\"row-4 even\">\n\t<td class=\"column-1\"><div style=\"text-align: center;\">Cours<br \/>\ninformatiques      <span style=\"font-weight: bold;\"><br \/>1h<\/span><br><\/div><\/td><td class=\"column-2\"><div style=\"text-align: center;\"><strong><span style=\"color: rgb(0, 153, 0);\">50,00 \u20ac \/ heure<\/span><\/div><\/strong><\/td><td class=\"column-3\"><div style=\"text-align: center;\">100,00 \u20ac \/ heure<\/div><\/td>\n<\/tr>\n<tr class=\"row-5 odd\">\n\t<td class=\"column-1\"><\/td><td class=\"column-2\"><\/td><td class=\"column-3\"><\/td>\n<\/tr>\n<\/tbody>\n<\/table>\n<!-- #tablepress-1 from cache -->\n<p>* Temps factur\u00e9 en demi-heure.<\/p>\n<ul>\n<li>D\u00e9placement sur Lyon et ses alentours.<\/li>\n<\/ul>\n<\/div>\n<ul>\n<li style=\"list-style-type: none;\">\n<ul>\n<li style=\"list-style-type: none;\">\n<ul>\n<table id=\"tablepress-2\" class=\"tablepress tablepress-id-2\">\n<thead>\n<tr class=\"row-1 odd\">\n\t<th class=\"column-1\"><div style=\"text-align: center;\"><big>D\u00e9placement <br \/>\nsur un rayon de <br><\/div><\/th><th class=\"column-2\"><div style=\"text-align: center;\"><big><span style=\"color: rgb(0, 153, 0);\">Tarifs que vous payerez avec l\u2019avance imm\u00e9diate lors de la facture<br><\/div><\/th><th class=\"column-3\"><div style=\"text-align: center;\"><br \/>\n<big>Tarifs qu\u2019ORDI LYON d\u00e9clare \u00e0 l\u2019URSSAF<\/span><br><br \/>\n      <\/big><\/div><\/th>\n<\/tr>\n<\/thead>\n<tbody class=\"row-hover\">\n<tr class=\"row-2 even\">\n\t<td class=\"column-1\"><div style=\"text-align: center;\"><span style=\"font-weight: bold;\">< 5 km<\/span><\/div><\/td><td class=\"column-2\"><div style=\"text-align: center;\"><span style=\"color: rgb(0, 153, 0);\"><strong>12,50 \u20ac<\/span><\/div><\/stong><\/td><td class=\"column-3\"><div style=\"text-align: center;\">25,00 \u20ac<\/div><\/td>\n<\/tr>\n<tr class=\"row-3 odd\">\n\t<td class=\"column-1\"><div style=\"text-align: center;\"><span style=\"font-weight: bold;\">< 10 km<\/span><\/div><\/td><td class=\"column-2\"><div style=\"text-align: center;\"><span style=\"color: rgb(0, 153, 0);\"><strong>25,00 \u20ac<\/span><\/div><\/stong><\/td><td class=\"column-3\"><div style=\"text-align: center;\">50,00 \u20ac<\/div><\/td>\n<\/tr>\n<tr class=\"row-4 even\">\n\t<td class=\"column-1\"><div style=\"text-align: center;\"><span style=\"font-weight: bold;\">< 15 km<\/span><\/div><\/td><td class=\"column-2\"><div style=\"text-align: center;\"><span style=\"color: rgb(0, 153, 0);\"><strong>30,00 \u20ac<\/span><\/div><\/stong><\/td><td class=\"column-3\"><div style=\"text-align: center;\">60,00 \u20ac<\/div><\/td>\n<\/tr>\n<tr class=\"row-5 odd\">\n\t<td class=\"column-1\"><div style=\"text-align: center;\"><span style=\"font-weight: bold;\">> 15 km<\/span><\/div><\/td><td class=\"column-2\"><div style=\"text-align: center;\"><span style=\"color: rgb(0, 153, 0);\"><strong>50,00 \u20ac<\/span><\/div><\/stong><\/td><td class=\"column-3\"><div style=\"text-align: center;\">100,00 \u20ac<\/div><\/td>\n<\/tr>\n<\/tbody>\n<\/table>\n<!-- #tablepress-2 from cache --><\/ul>\n<\/li>\n<\/ul>\n<ul>* Distance calcul\u00e9e \u00e0 partir de l&rsquo;adresse du bureau (48 Chemin de la Bruy\u00e8re, 69570 Dardilly)<\/ul>\n<\/li>\n<\/ul>\n<div style=\"text-align: justify;\">\n<ul>\n<li>Intervention du lundi au vendredi de 9h \u2013 12h et de 13h-18h.<\/li>\n<\/ul>\n<\/div>\n<div style=\"text-align: justify;\">\n<ul>\n<li>Accueil t\u00e9l\u00e9phonique du lundi au vendredi de 9h &#8211; 12h et 14h &#8211; 18h : 06 13 84 31 48<\/li>\n<\/ul>\n<\/div>\n<div style=\"text-align: justify;\">\n<ul>\n<li>Possibilit\u00e9 d\u2019intervention de 6h \u00e0 8h ou 18h \u00e0 23h en semaine avec une majoration de 100% sur les prestations d\u2019assistance d\u00e9crites ci-dessus.<\/li>\n<\/ul>\n<\/div>\n<\/div>\n","protected":false},"excerpt":{"rendered":"<p>Tarifs 2024 Bonne nouvelle depuis le 15\/09\/2022 vous n&rsquo;avez plus \u00e0 faire l&rsquo;avance du cr\u00e9dit d&rsquo;imp\u00f4t. Vous ne payez que la moiti\u00e9 de la facture par pr\u00e9l\u00e8vement URSSAF 2 jours apr\u00e8s l&rsquo;intervention. Plus de d\u00e9claration l&rsquo;ann\u00e9e suivante pour se faire rembourser. Les prix qui vous seront d\u00e9bit\u00e9s de votre compte par l&rsquo;URSSAF sont indiqu\u00e9s en &hellip; <\/p>\n<p class=\"link-more\"><a href=\"https:\/\/ordi-lyon.fr\/index.php\/tarifs\/\" class=\"more-link\">Continuer la lecture<span class=\"screen-reader-text\"> de &laquo;&nbsp;Tarifs&nbsp;&raquo;<\/span><\/a><\/p>\n","protected":false},"author":1,"featured_media":0,"parent":0,"menu_order":0,"comment_status":"closed","ping_status":"closed","template":"","meta":{"footnotes":""},"class_list":["post-21","page","type-page","status-publish","hentry"],"aioseo_notices":[],"_links":{"self":[{"href":"https:\/\/ordi-lyon.fr\/index.php\/wp-json\/wp\/v2\/pages\/21","targetHints":{"allow":["GET"]}}],"collection":[{"href":"https:\/\/ordi-lyon.fr\/index.php\/wp-json\/wp\/v2\/pages"}],"about":[{"href":"https:\/\/ordi-lyon.fr\/index.php\/wp-json\/wp\/v2\/types\/page"}],"author":[{"embeddable":true,"href":"https:\/\/ordi-lyon.fr\/index.php\/wp-json\/wp\/v2\/users\/1"}],"replies":[{"embeddable":true,"href":"https:\/\/ordi-lyon.fr\/index.php\/wp-json\/wp\/v2\/comments?post=21"}],"version-history":[{"count":21,"href":"https:\/\/ordi-lyon.fr\/index.php\/wp-json\/wp\/v2\/pages\/21\/revisions"}],"predecessor-version":[{"id":19628,"href":"https:\/\/ordi-lyon.fr\/index.php\/wp-json\/wp\/v2\/pages\/21\/revisions\/19628"}],"wp:attachment":[{"href":"https:\/\/ordi-lyon.fr\/index.php\/wp-json\/wp\/v2\/media?parent=21"}],"curies":[{"name":"wp","href":"https:\/\/api.w.org\/{rel}","templated":true}]}}